et w(r) = -r - 7. Give w(h).
-7
Let x(k) = -k - 5. Let r(y) = y + 5. Let n(d) = 3*r(d) + 2*x(d). Suppose -1200*a = -1203*a - 24. What is n(a)?
-3
Let c(t) = -6*t - 32. Let b(d) = -5*d - 31. Let a(h) = 7*b(h) - 6*c(h). Give a(0).
-25
Let r(b) = b**2 - 3. Let d = -27 + 25. Let x be d/(-5) - 12/30. Determine r(x).
-3
Let t = 18 + -21. Let m(v) = -237 + 473 - 235 + v. What is m(t)?
-2
Suppose -r + 24 - 16 = 0. Let n(q) = q - 14. What is n(r)?
-6
Let f(x) be the first derivative of x**4/4 - 4*x**3/3 - x**2/2 + 5*x + 102. Give f(4).
1
Suppose -q = 5*g + q - 56, -16 = -g - 2*q. Let c = 7 - g. Let r be ((-32)/(-6))/4*c. Let l(p) = -p**3 - 3*p**2 + 4*p + 6. What is l(r)?
6
Let t(v) = -v - 6. Let f = 20 - 23. Let d be t(f). Let s be ((-4)/6)/(d/18). Let u(y) = -y - 4. Calculate u(s).
-8
Let h(b) = -3*b**2 + 4*b**2 + b**2 - b**3 - 1 + 0*b**3. Let l = -2 + 1. Let c be ((1 - l) + -4)/(-2). Give h(c).
0
Let r(q) = -3*q**3 + 2*q + 2. Suppose -4*z - 19 = -5*l, 0 = -18*z + 19*z - l + 4. What is r(z)?
3
Let t(s) = -s**2 + 23*s + 3. Let i(c) = 3*c - 1. Let z(h) = 5*i(h) - t(h). Calculate z(8).
-8
Let g(a) = 0 + 19 - 2 + a. Calculate g(-11).
6
Let f(r) = r**2 - 4*r + 4. Let x(o) = -2*o**2 - 14*o + 3. Let l be x(-7). Determine f(l).
1
Let g be 0/(66/6 - 9). Let n(y) = 3*y - 2. Give n(g).
-2
Let b(j) = -j**2 - 14*j - 14. Suppose 0 = -3*m + 2*f - 20 - 8, 4*m + 36 = 3*f. Give b(m).
10
Suppose 0 = h - 3*o + 4*o - 2, -2*h - 8 = -o. Let n = 8 - h. Let u(y) = 7 + n*y - y**2 - 4*y + 2*y**2. Determine u(-6).
7
Let w(k) = k**2 - 5*k + 4. Let u(z) = -4*z - 70. Let d be u(-19). Give w(d).
10
Let b(p) = p**3 - 2*p**2 - p - 3. Let t be b(0). Let c(q) = -2*q**3 - 7*q**2 - 4*q - 4. Calculate c(t).
-1
Suppose 4*i - 3*x - 5 + 17 = 0, 0 = 4*i - 2*x + 12. Let z = i - -9. Let c(g) = 5*g**2 - z*g**2 + 2 - 1. Give c(-2).
-3
Let f(a) = a**2 - 4*a - 2. Let v(p) = p**3 + 22*p**2 + 4*p + 94. Let u be v(-22). Give f(u).
10
Let o(g) = -6*g**3 + 12*g**2 - 5*g - 20. Let c(w) = 7*w**3 - 12*w**2 + 4*w + 21. Let s(v) = 5*c(v) + 6*o(v). Determine s(11).
-4
Let p(b) = b**2 - 7*b - 28. Suppose -193 = -46*d + 313. What is p(d)?
16
Let u(f) = 3*f - 2. Let p(r) = 1. Let i(b) = -b**3 + 3*b**2 - b - 2. Let a be i(3). Let n(g) = a*p(g) - u(g). What is n(-5)?
12
Let n(i) = -i**3 - 5*i**2 - 2*i - 10. Let g = 156 - 161. Give n(g).
0
Suppose 5 = 5*o + 5*w, 17*o - 20*o - 5*w - 5 = 0. Let f(a) be the second derivative of -11*a + 0 - 1/20*a**o + 1/4*a**4 + a**2 + 1/6*a**3. What is f(3)?
5
Let o = 30 + -31. Let m(p) = -9*p - 2. Let v(u) = u. Let r(i) = o*m(i) - 5*v(i). What is r(2)?
10
Let r(d) = -d**2 + 2*d + 3 + 2*d + d + 1. Let t be -2 - 0/(-3) - -8. What is r(t)?
-2
Let b(l) = l**3 + 10*l**2 - 1. Suppose 4*v + 28 = 4*t - 32, 5*t = 4*v + 65. What is b(v)?
-1
Let j(l) = 9 + 8 + 14*l**3 - 14*l - 8*l**3 - 4*l**3 - 3*l**3 - 16*l**2. Give j(-15).
2
Let w(m) = 15*m**2 + 2*m + 1. Let b = -47 + 46. Calculate w(b).
14
Suppose 13*q = 55 + 36. Let f = 0 - -2. Let k(g) = -3*g + 5 + f*g + 0 + 5. Calculate k(q).
3
Let v be (12/(-20))/(1/(-5)). Suppose 0 = -2*q - q + v. Suppose 0 = -i - 4 - q. Let d(k) = -k. Determine d(i).
5
Let n(b) = -3*b**3 + b**2 - b**2. Let v(w) = w**2 - 6*w - 6. Let s(l) = l + 10. Let g be s(-3). Let i be v(g). Determine n(i).
-3
Suppose 3*c + 18 = -3*m, -m - c = -2*c + 2. Let b(i) be the third derivative of i**5/30 + i**4/4 + i**3 + 2*i**2. What is b(m)?
14
Let n(p) = -p**3 + 5*p**2 + 6*p + 2. Let t = -8 + -2. Let j(a) = 140 - 73 - a - 71. Let i be j(t). Give n(i).
2
Let u(l) = l**3 + 9*l**2 + 7*l - 9. Let p be (3 - 2)*(-7 + -1). Determine u(p).
-1
Let s(j) = -j**3 - 9*j**2 + 7*j + 5. Let i(k) = -3*k**3 - 28*k**2 + 23*k + 15. Let a(w) = -3*i(w) + 10*s(w). What is a(-6)?
-1
Let z(c) = 5*c + 14. Suppose 24 = -5*h - l, -2*h + 1 = -5*l - 11. Let o(f) = -4*f - 13. Let t(w) = h*o(w) - 3*z(w). Let b = -5 - 0. Give t(b).
5
Let r(s) = -s - 11. Let c(b) = -b**3 + 3*b**2 + 12*b + 31. Let j be c(6). Determine r(j).
-6
Let b(k) = 21*k + 42. Let q be b(-2). Let d(x) = 2*x**2 - 11 - x**2 - x + 4 + 8. What is d(q)?
1
Let c(j) = j**3 - 6*j**2 - 6*j - 7. Let y(b) = 1 + 2*b**2 + 2*b + 0*b**2 + 2*b. Let o be (((-7)/7)/1)/(1/3). Let l be y(o). Give c(l).
0
Let y(t) = 13*t - 132*t**2 - 5*t - 4*t + 130*t**2. Give y(3).
-6
Let m be (-6)/(-21) + (-354)/14. Let i = 35 + m. Let c be (2/(-2))/(-2)*i. Let x(u) = u**3 - 5*u**2 + 3*u - 6. Calculate x(c).
9
Let s be 0 + 70/12 + 145/870. Let b(f) = f**3 - 5*f**2 - 8*f - 4. Give b(s).
-16
Let c(h) = h**3 - 5*h**2 - 4*h. Let j = 39 + -39. Suppose -8*b + 2*b + 36 = j. What is c(b)?
12
Let c = 23 + -19. Let w be 9/c - 2/8. Let n(m) = -5*m + 5 + 2*m**2 - 4 + 5*m**w + 0*m**2 - m**3. Calculate n(6).
7
Let a(r) be the third derivative of r**6/120 + r**5/20 - r**4/8 + 5*r**3/6 + 137*r**2. Give a(-4).
1
Let b(z) = 2*z**2 + 2*z - 3. Let x(a) = -8*a**2 - 9*a + 13. Let n(m) = -9*b(m) - 2*x(m). Calculate n(2).
-7
Let l(n) = -2*n**2 - n. Let d(k) = -6*k**2 + k. Suppose -5*w = 15, 11 = -5*b + b - 5*w. Let p(s) = b*d(s) - 2*l(s). Determine p(4).
-20
Let s be ((-6)/3 - -175)*(-2)/(-2). Let b(r) = 174*r**2 - s*r**2 - 4 + 3 + 15*r**3. Determine b(1).
15
Suppose 0 = -7*p + 62 + 22. Let y be 6/(-4)*p/18. Let m(g) be the first derivative of -g**4/4 + g**3/3 - g**2/2 - g - 3. Determine m(y).
2
Let h(n) = -n + 1. Let x(f) be the third derivative of 9*f**2 + 11/6*f**3 + 0*f - 1/6*f**4 + 0. Let y(r) = -5*h(r) + x(r). Calculate y(-3).
3
Let h(w) = -w**3 - 3*w**2 - 2*w + 2. Suppose 0 = v - 4*v. Let x = -2 + v. Determine h(x).
2
Let c be ((-4)/(-10))/(2 + (-153)/75). Let q(i) = i**2 + 11*i + 5. Determine q(c).
-5
Let n(u) be the first derivative of -u**2/2 + 7*u - 13. Suppose 160*x - 140 = 140*x. Give n(x).
0
Let r(h) = -6. Let i(d) = d - 7. Let b(f) = 6*i(f) - 7*r(f). Let s be (2/(-4))/((-2)/(-4)). Let q be (s/4)/((-2)/(-8)). Determine b(q).
-6
Let d(p) be the second derivative of p**4/12 - p**3/3 - 3*p**2/2 - 24*p + 1. What is d(3)?
0
Let g(k) = -k + 3. Let c(t) = 2*t - 6. Let v(p) = -2*c(p) - 5*g(p). Let j = 153 + -153. What is v(j)?
-3
Let s(q) = -q**3 + 5*q**2 - 3*q - 4. Suppose 86*m + 54 = 104*m. What is s(m)?
5
Let k = 78 - 49. Suppose -3*s = 5*j - k, -s - 5*j = -2*j - 15. Let q(p) = -p**s + 9*p + 6*p**2 - 19*p + 1 + 17*p. What is q(7)?
1
Let y = -154 - -161. Suppose 6*l - 21 = 3*l. Let c(x) = l*x + 0*x - 6*x. What is c(y)?
7
Let h(o) = -o**3 + 3*o**2 + 4*o. Let s be h(4). Suppose 3*i + 3 = t, -t - 3 = -s*t. Let l(r) be the second derivative of -r**3/2 - 3*r**2/2 - 277*r. Give l(i).
3
Suppose 19 = -4*o - 1. Let l = o + 0. Let s(k) be the second derivative of -k**4/12 - 7*k**3/6 - 3*k**2 - 7*k. Calculate s(l).
4
Let o be 2/(-8) - (-2 - (-42)/24). Let p(z) = z + 4. Determine p(o).
4
Let o(m) = -m**3 + 3*m**2 - 2*m. Suppose n - 5*n = 12, 5*c = -2*n - 71. Let l(w) = -2*w - 24. Let a be l(c). Determine o(a).
0
Let w(q) = q**3 - 4*q**2 - 1. Suppose 0 = 12*m + 28 + 32. Let i be (-3)/(m - -4) - -1. Determine w(i).
-1
Suppose 0 = -m + 5*q - 13, 2*q - 3*q = -2*m + 10. Let i(g) = -2 + 4*g + 5*g - 5*g - m. Give i(6).
15
Let k(r) = -4 - 5 + 9*r - r**2 + 0. Let q be 6*(4/(-56) + 3/(-7)). Let t be (-16)/24 - 20/q. What is k(t)?
9
Suppose -n = -6*n. Let t(z) be the second derivative of -1/6*z**3 + 0 + 0*z**4 - 1/20*z**5 + 4*z - 1/2*z**2. Determine t(n).
-1
Suppose 59*b - 64 = 43*b. Let m(v) = v**3 - 4*v**2 + 2*v. What is m(b)?
8
Let m(g) = 3*g - 2. Let o(j) = -9*j + 3. Let c(z) = -4*m(z) - o(z). What is c(3)?
-4
Let c(m) = 163*m + 166*m - 326*m - 1. Give c(-4).
-13
Let i(c) = c**3 + 5*c**2 + 5*c + 1. Let h be -2 + (0 + -4 - -2). Let a be i(h). Let l(d) be the second derivative of -d**3/6 + d**2/2 - 2*d. What is l(a)?
4
Let m = -24 - -61. Let h = m + -34. Let k(f) = -f**3 + 3*f**2 + f - 4. Give k(h).
-1
Let g(p) be the second derivative of p**6/720 - p**5/60 + 11*p**4/6 - 10*p. Let x(u) be the third derivative of g(u). Give x(3).
1
Let v(x) = -59*x + 232. Let q be v(4). Let r(y) = -y**2. Let h be 2/8 + 14/8. Let g(z) = z**2 - 2*z + 3. Let d(c) = h*r(c) + g(c). What is d(q)?
-5
Let p be 5*1 - 0/3. Let t(s) be the second derivative of s**5/20 - s**4/2 + s**3 + 3*s**2/2 - 10891*s. What is t(p)?
8
Let y(n) = -4*n - 5. Let h(c) = -c**2 + c - 1. Let w(i) = h(i) - y(i). Let t(q) = 7*q**2 - 1. Suppose 5*z - 6 = -1. Let j be t